**2 - 13*s + 11. Suppose 0 = 4*h - 8, -2*h + 5*h - 45 = -3*b. Let m be t(b). List the prime factors of (-105)/(-2) + m/22.
53
Let h(g) = -g + 1. Let r(m) = 24*m + 9. Let l(z) = -36*z - 13. Let n(i) = 5*l(i) + 8*r(i). Let w(s) = 6*h(s) - n(s). What are the prime factors of w(-2)?
5, 7
Let d be (-1796)/(-16) + (-3)/(-4). Suppose 0*p + p + 3*w - d = 0, 1 = -w. List the prime factors of p.
2, 29
Let b(x) = 150*x - 1 - 155*x - 4*x**2 - 1 - 13*x**3. List the prime factors of b(-1).
2, 3
Suppose -5 = -5*w + 5. Let o be (-8)/(-2)*2/w. Suppose 44 = 5*y - 4*j, -5*y - o*j = -98 + 22. List the prime factors of y.
2, 3
What are the prime factors of (10 - 13) + 1*(-2 - -451)?
2, 223
Suppose u - 5*w - 198 = 125, 2 = 2*w. Let a = u - 185. Suppose 4*g + 189 = 5*h, -3*h + g - 6*g = -a. List the prime factors of h.
41
Suppose -5*t = -10*t - 845. Let j = 279 + t. List the prime factors of j.
2, 5, 11
Let g(k) = -k**2 + 20*k - 197. Let c be g(17). Let o(w) = -19*w - 7. Let m be o(5). Let i = m - c. What are the prime factors of i?
2, 11
Suppose 0 = u - 2, 4*o - u + 1780 = 3*u. Let l = -294 - o. What are the prime factors of l?
149
Let t(z) = -22*z + 22*z + 10*z**2. List the prime factors of t(-3).
2, 3, 5
List the prime factors of 2452 + (-25)/(75/(-24)).
2, 3, 5, 41
Suppose -3*g + i - 133 = 0, -3*g + 5*i = -4*g - 39. Let l = g + 79. Suppose 5*h = 100 + l. List the prime factors of h.
3
Let y(s) = -3*s + 6*s + 3*s + 2 - 2*s + s**2. What are the prime factors of y(-10)?
2, 31
Suppose 16 = 28*b - 20*b. Suppose -2*g = 4, -5*y + 88 = b*g - 128. What are the prime factors of y?
2, 11
Let n be 21 + (-5)/(15/(-9)). Suppose w + n = 3*w. List the prime factors of w.
2, 3
Let o = 22 + -15. Suppose 2*g + o + 16 = i, 0 = g + 2*i + 14. Let m = -9 - g. What are the prime factors of m?
3
Suppose 0 = 5*c - c. Suppose 5*t - 8*p = -3*p + 240, 5*t + p - 270 = c. List the prime factors of t.
53
Let h(f) = f**3 + 2*f**2 - 3*f. Suppose 6*d - 3*d = 6. Let t be h(d). Suppose t = -y + 3*y. List the prime factors of y.
5
Let m(s) = -s**3 - 14*s**2 + s + 19. Let p be m(-14). Suppose -147 = -5*z + 4*g, 0*g + 4*g - 123 = -p*z. List the prime factors of z.
3
Let d = 1161 - 739. Suppose b = 4*r + 85, r - d = -4*b - 31. What are the prime factors of b?
97
What are the prime factors of (78/(-2))/(1260/(-114) - -11)?
3, 13, 19
Let b = 1 + -14. Let m(c) = c**2 - 14*c - 15. Let p(g) = -2*g**2 + 15*g + 16. Let h(s) = -3*m(s) - 2*p(s). List the prime factors of h(b).
2, 13
Suppose -369 = -5*x + 1971. List the prime factors of x.
2, 3, 13
Let w = -8410 + 12959. What are the prime factors of w?
4549
Let h(g) = -g**3 - 19*g**2 + 15*g - 13. Let z be h(-22). Let i = -786 + z. List the prime factors of i.
17, 19
Suppose 2*p = 2*m + 2290, -p - m + 77 + 1058 = 0. List the prime factors of p.
2, 3, 5, 19
Suppose 4*w = 8, -l + w - 40 + 236 = 0. What are the prime factors of l?
2, 3, 11
List the prime factors of 2/(82467/(-16497) - -5).
3, 13, 47
Let a be (27/(-12))/(3/8). Let x be 12*(0 + (-3)/a). Suppose 0 = -x*m + m + 195. List the prime factors of m.
3, 13
Suppose 0 = 2*k + k - 6. Suppose 2*s + 2*b = k, 5*b + 13 = -0*s - 2*s. List the prime factors of s.
2, 3
Let s(u) = -7*u**2 - 2*u - 4. Let h(x) = 8*x**2 + x + 4. Let y(j) = -4*h(j) - 5*s(j). Let c be y(-3). What are the prime factors of 18/(-1)*(c - 16)?
2, 3
Let o(l) = -30*l**3 + l + 1. Suppose -j + 3 = -t, 4*t - 2*j + 6*j = 4. Let c be o(t). Suppose 2*d - c = 2. List the prime factors of d.
2
Let u = -19 - -23. Let l(z) = 0 - 6*z - 7*z**2 - z**3 - 5 + u*z. List the prime factors of l(-7).
3
Let k = 765 + -436. List the prime factors of k.
7, 47
Let m = 6 - 4. Let h(o) = 2*o - 3. Let l be h(m). List the prime factors of 464/(-32)*(-3 - l).
2, 29
Let q(f) = -13*f - 17*f + 49*f - 17 - 17*f. Let r be q(11). Suppose 0 = -j + 9 - r. What are the prime factors of j?
2
Suppose d = -3*a + 75 + 19, 68 = 2*a - 2*d. Let s = a - -42. What are the prime factors of s?
2, 37
Let r(v) = -v**2 - 8*v - 7. Suppose 0 = 3*f - 9 + 24. Let m be r(f). List the prime factors of 4/m*-2*-15.
3, 5
Suppose 0 = -34*u + 40*u - 2388. What are the prime factors of u?
2, 199
Let v = -3 - 9. Let i be v/(-16)*(-16)/(-6). Suppose -i*z - q = 3*z - 54, 18 = z + 2*q. List the prime factors of z.
2, 5
Let j(g) = -7*g**3 + 2*g**2 + 2*g + 1. Let u be j(-1). Suppose 3*h = -3*k - 33, -2*h = -2*k + u + 2. Let f = 41 + h. What are the prime factors of f?
3, 11
Suppose -2*w + 4*w = 5*g - 1954, -4*g + 5*w = -1570. List the prime factors of g.
2, 3, 5, 13
Let v(t) = -11*t + 4*t - 2*t**2 - 9 - 3*t**2 + 2*t**3 - 3*t**3. Let l be v(-5). Suppose 52 = 2*d + 4*f, d + 3*f - l = -f. What are the prime factors of d?
2, 13
Suppose -2*s + s + 4 = 0. Suppose 0*l - 20 = s*l. Let p = 15 + l. List the prime factors of p.
2, 5
Let z = -11 - -11. Suppose 2*q - 7*q = z. Suppose -5*y + 58 = 3*b, 2*y + 65 = 3*b - q*b. What are the prime factors of b?
3, 7
Suppose -14483 - 3451 = -7*i. List the prime factors of i.
2, 3, 7, 61
Let h(u) = -u**2 - 1. Let b(a) = -a**3 + 24*a**2 - 56*a - 34. Let s(i) = -b(i) + 5*h(i). What are the prime factors of s(27)?
83
Suppose -55*u = -45*u - 6070. What are the prime factors of u?
607
Suppose 0 = -3*k - 6*k + 3672. What are the prime factors of k?
2, 3, 17
Let p(u) be the first derivative of 11*u**2/2 + u + 12. List the prime factors of p(1).
2, 3
Suppose 2*g - 204 = -4*t, 2*g = 23*t - 20*t + 190. What are the prime factors of g?
2, 7
Suppose 2974 = 2*k + 1098. List the prime factors of k.
2, 7, 67
Suppose -5*x - 1175 = -p - 5232, 4*x = 5*p + 3254. What are the prime factors of x?
811
Let a(d) = -d + 12. Let l be a(6). Let j be -2*(-5)/(-10) + l. Suppose 3*q = 2*v - 0*q - 10, j*v = 2*q + 14. What are the prime factors of v?
2
Let q = 15 + 207. List the prime factors of q.
2, 3, 37
Let d be (-6 + 8)*(-20)/2. List the prime factors of (-2772)/d + 4 + (-46)/10.
2, 3, 23
Let y(l) = -2*l + 3. Let t(a) = 4*a - 4. Let c(g) = -3*t(g) - 5*y(g). Let h = 4 + -12. List the prime factors of c(h).
13
Suppose -12*r + 622 = -10*r. Suppose -55 = 4*z - r. List the prime factors of z.
2
Suppose 18*r = 10260 + 6642. List the prime factors of r.
3, 313
Let a(c) = 32 - 17*c + 6 - 3 - 11*c. List the prime factors of a(-7).
3, 7, 11
Let r(s) be the first derivative of s**4/4 - s**3 - s**2/2 + 6*s - 3. Let k be r(5). Let j = 74 - k. List the prime factors of j.
23
Suppose 0 = -16*d + 6357 + 4843. List the prime factors of d.
2, 5, 7
Suppose 2*t - a = 1705, -16*t + 17*t + 4*a - 875 = 0. What are the prime factors of t?
3, 5, 19
Let y(k) = k**3 + 9*k**2 - 21*k - 2. What are the prime factors of y(-9)?
11, 17
Suppose 0*k + 3*k = 135. Let l = k - 117. Let f = l - -104. List the prime factors of f.
2
Let s(m) = m**2 + 4*m - 7. Let q(y) = y**3 + 3*y**2 - y + 2. Let c be q(-4). List the prime factors of s(c).
53
Let w be -3 - (-10)/4 - 1045/10. Let s = 26 - w. List the prime factors of s.
131
Let v = 819 + -445. List the prime factors of v.
2, 11, 17
Let p = 1101 + -636. List the prime factors of (p/45)/(1/3).
31
Suppose 30*u - 2403 - 177 = 0. What are the prime factors of u?
2, 43
Suppose b + 20 = 5*b. Suppose 0 = b*g - 3*g - 328. List the prime factors of g.
2, 41
Let f be ((-2)/6)/(4/(-24)). Let i be f*(140/8 - 2). Suppose -i = -5*n + 144. List the prime factors of n.
5, 7
Let k(u) = -u**3 + 12*u**2 - 10*u - 8. Let i be k(11). Suppose -i*x - 139 = -13. What are the prime factors of 44/33*x/(-4)?
2, 7
Let g(m) = -18 + m**2 + 9*m + 14 + m**3 - 2*m - 15*m**2. List the prime factors of g(14).
2, 47
Let k = -239 - -316. What are the prime factors of k?
7, 11
Let m = -316 + 724. What are the prime factors of m?
2, 3, 17
Suppose -2699 = -8*r - 683. List the prime factors of r.
2, 3, 7
Let w(k) = k**2 + 4*k - 10. Let b be w(-6). Suppose 0 = s + b - 5. What are the prime factors of 64 - (3 + s + -4)?
2, 31
Suppose 2403*v - 2418*v + 52920 = 0. What are the prime factors of v?
2, 3, 7
Suppose 0 = -3*u - z + 32, 0 = -4*u + 2*z - z + 52. Let a be 206/3 + 4/u. Suppose o + 20 = a. What are the prime factors of o?
7
Suppose 4*l + 1 = -3*s, -2*l + 0*l + 3*s + 13 = 0. Suppose 218 = v - 2*x - 3*x, 5*v - l*x - 1182 = 0. What are the prime factors of v?
2, 7, 17
Let f(q) = -27*q + 6. Let b be f(4). Let v = b - -212. What are the prime 